{"id":3107,"date":"2019-04-10T19:30:25","date_gmt":"2019-04-10T18:30:25","guid":{"rendered":"https:\/\/www.ornding.at\/?page_id=3107"},"modified":"2022-08-26T15:08:57","modified_gmt":"2022-08-26T14:08:57","slug":"datenschutz","status":"publish","type":"page","link":"https:\/\/www.ornding.at\/?page_id=3107","title":{"rendered":"Datenschutz + Impressum"},"content":{"rendered":"\n<p><strong>INFORMATIONEN ZUR\nVERARBEITUNG IHRER PERSONENBEZOGENEN DATEN<\/strong><\/p>\n\n\n\n<p>Wir freuen uns \u00fcber\nIhren Besuch auf unserer Webseite und Ihr Interesse an unserem \u201eDorfverein\nLebendiges Ornding\u201c. Den Schutz Ihrer personenbezogenen Daten nehmen wir ernst.\nWir halten uns an die gesetzlichen Bestimmungen der\nEU-Datenschutz-Grundverordnung sowie des \u00f6sterreichischen Datenschutzgesetzes\nin der geltenden Fassung. Im Folgenden m\u00f6chten wir Sie umfassend und\ntransparent \u00fcber die Verarbeitung Ihrer personenbezogenen Daten durch uns als\nverantwortlichen Verein informieren. Bei Fragen oder Anregungen kontaktieren\nSie uns bitte unter der unten angegebenen Adresse. <\/p>\n\n\n\n<p><strong>Verarbeitung und Weitergabe\npersonenbezogener Daten <\/strong><\/p>\n\n\n\n<p>Der Begriff\n\u201eVerarbeitung\u201c umfasst jegliche Handhabung personenbezogener Daten, etwa ihre\nErhebung, das Ordnen, Speichern, \u00dcbermitteln, Ver\u00e4ndern bis hin zur L\u00f6schung\nund endg\u00fcltigen Vernichtung. Wenn Sie uns personenbezogene Daten au\u00dferhalb\neines Vertrages zur Verf\u00fcgung stellen, so verarbeiten wir diese Daten nach dem entsprechenden\nZweck der konkreten Datenerhebung bzw. Datenmitteilung. In der Regel holen wir\nin diesem Fall zuvor Ihre Einwilligung ein. Die Weitergabe an andere\nUnternehmen\/Vereine\/Einrichtungen erfolgt dann nur in dem Umfang, der von Ihrer\nEinwilligung gedeckt ist. In Einzelf\u00e4llen k\u00f6nnen wir auch gesetzlich\nverpflichtet oder aufgrund unserer \u00fcberwiegenden Interessen berechtigt sein,\nIhre personenbezogenen Daten zu verarbeiten. Diesfalls machen wir dies Ihnen\ngegen\u00fcber, soweit m\u00f6glich, transparent. Sollten Sie einen Vertrag mit uns\nabgeschlossen haben, so verwenden wir die von Ihnen angegebenen Daten insoweit,\nals dies f\u00fcr die Vertragserf\u00fcllung erforderlich ist. Eine Weitergabe an Dritte\nerfolgt nur, wenn die Vertragserf\u00fcllung dies erfordert In beiden F\u00e4llen\n(innerhalb und au\u00dferhalb eines Vertrages) erfolgt eine Verarbeitung Ihrer Daten\nf\u00fcr andere Zwecke als den urspr\u00fcnglichen Zweck nur, wenn diese anderen Zwecke\nmit dem urspr\u00fcnglichen Zweck vereinbar sind. <\/p>\n\n\n\n<p><strong>L\u00f6schung der von uns verarbeiteten\npersonenbezogenen Daten<\/strong><\/p>\n\n\n\n<p>Ihre personenbezogenen\nDaten werden von uns gel\u00f6scht, sobald kein Grund mehr f\u00fcr die weitere Verarbeitung\noder Speicherung vorliegt. Um dies zu gew\u00e4hrleisten, f\u00fchren wir eine L\u00f6schung\naller Altdaten durch. Vorbehaltlich einer gesetzlichen Aufbewahrungspflicht\nerfolgt eine L\u00f6schung im Falle, dass der Zweck der Datenverarbeitung nicht mehr\ngegeben ist, keine vertragliche Grundlage oder kein berechtigtes Interesse mehr\nbesteht. Au\u00dferdem k\u00f6nnen Sie selbstverst\u00e4ndlich zu jedem anderen Zeitpunkt die\nL\u00f6schung Ihrer Daten begehren (siehe unten im Punkt \u201eBetroffenenrechte\u201c). Wenn\nwir gesetzlich zur Aufbewahrung Ihrer Daten verpflichtet sind (etwa aufgrund\nabgabenrechtlicher Bestimmungen), erfolgt die L\u00f6schung nach Ablauf dieser\ngesetzlichen Aufbewahrungsfrist. <\/p>\n\n\n\n<p><strong>Betroffenenrechte \/ Ihre Rechte zum Schutz\nIhrer pers\u00f6nlichen Daten<\/strong><\/p>\n\n\n\n<p>In Bezug auf Ihre von\nuns verarbeiteten, personenbezogenen Daten steht Ihnen eine Reihe von Rechten\nzu. All diese Rechte k\u00f6nnen Sie kosten- und formlos (per E-Mail, telefonisch\noder postalisch), gegebenenfalls nach Nachweis Ihrer Identit\u00e4t, unter der unten\nangegebenen Adresse geltend machen. Ihre Rechte im Einzelnen:<\/p>\n\n\n\n<ul class=\"wp-block-list\"><li><strong>Recht auf Auskunft:<\/strong> Sie k\u00f6nnen jederzeit formlos Auskunft \u00fcber\ndie von uns verarbeiteten Daten verlangen. In diesem Fall teilen wir Ihnen\nschriftlich mit, welche Daten wir \u00fcber Sie gespeichert haben, f\u00fcr welche Zwecke\nwir diese verwenden, an welche Kategorien von Empf\u00e4ngern wir diese weitergeben\nund wie lange wir beabsichtigen, diese noch zu speichern. Wir werden Ihrem\nAuskunftsansuchen unverz\u00fcglich, l\u00e4ngstens jedoch innerhalb eines Monats\nnachkommen. <\/li><li><strong>Recht auf L\u00f6schung<\/strong>: Sie haben das Recht, jederzeit formlos\ndie L\u00f6schung Ihrer von uns verarbeiteten Daten zu begehren. Diesem Ansuchen\nkommen wir nach, sofern Ihre Daten f\u00fcr den Erhebungszweck nicht mehr notwendig\nsind, Sie eine allenfalls bestehende Einwilligung widerrufen, bei\nunrechtm\u00e4\u00dfigen Datenverarbeitungen oder wenn die L\u00f6schung zur Erf\u00fcllung einer\nrechtlichen Verpflichtung erforderlich ist. <\/li><li><strong>Recht auf Berichtigung: <\/strong>Sollten wir irrt\u00fcmlich unrichtige oder\nunvollst\u00e4ndige Daten \u00fcber Sie verarbeiten, so berichtigen wir diese selbstverst\u00e4ndlich.\nDazu reicht ein an uns gerichteter, formloser Antrag aus. <\/li><li><strong>Recht auf Einschr\u00e4nkung der Verarbeitung: <\/strong>Wenn zwar die L\u00f6schung Ihrer Daten nicht\nm\u00f6glich ist bzw. dies von Ihnen nicht gew\u00fcnscht wird, Sie aber einer \u00fcber die\nSpeicherung der Daten hinausgehenden Nutzung nicht zustimmen, haben wir die\nPflicht, auf Ihren Antrag hin die weitere Verarbeitung Ihrer personenbezogenen\nDaten einzuschr\u00e4nken. <\/li><li><strong>Recht auf Daten\u00fcbertragbarkeit: <\/strong>Wir stellen Ihnen die von uns \u00fcber Sie\ngespeicherten Daten, die wir aufgrund eines Vertrages oder aufgrund Ihrer\nEinwilligung erhalten haben, auf Ihren formlosen Antrag hin kostenlos in einem\ngebr\u00e4uchlichen Dateiformat zur Verf\u00fcgung. Sie k\u00f6nnen diese Daten f\u00fcr eigene\nZwecke verwenden und sie an zuk\u00fcnftige Vertragspartner weitergeben. Wir\n\u00fcbernehmen \u2013 sofern Sie dies w\u00fcnschen und es technisch machbar ist \u2013 auch\ndirekt die \u00dcbertragung Ihrer Daten an einen von Ihnen namhaft gemachten\nAdressaten. In diesem Fall informieren wir Sie nach erfolgter \u00dcbertragung. Ihrem\nAntrag kommen wir unverz\u00fcglich, sp\u00e4testens jedoch innerhalb eines Monats nach. <\/li><li><strong>Recht auf Widerspruch: <\/strong>In bestimmten F\u00e4llen haben Sie nach der\nDatenschutz-Grundverordnung auch das Recht auf Widerspruch zur weiteren\nVerarbeitung Ihrer Daten. Da wir im Moment in unserem Unternehmen keine\nDatenverarbeitungen durchf\u00fchren, f\u00fcr die das Recht auf Widerspruch zusteht,\nverweisen wir Sie an dieser Stelle auf das Recht auf L\u00f6schung beziehungsweise\nauf das Recht auf Einschr\u00e4nkung der Verarbeitung (siehe oben).<\/li><\/ul>\n\n\n\n<p><strong>Beschwerderecht<\/strong><\/p>\n\n\n\n<p>Die EU-Datenschutz-Grundverordnung und das \u00f6sterreichischen Datenschutzgesetz gew\u00e4hrleisten Ihnen die oben genannten Rechte im Bereich Datenschutz. Wenn Sie der Ansicht sind, in einem dieser Rechte durch unser Unternehmen verletzt worden zu sein, haben Sie die M\u00f6glichkeit, sich bei einer Datenschutz-Aufsichtsbeh\u00f6rde zu beschweren. In \u00d6sterreich ist daf\u00fcr die \u00d6sterreichische Datenschutzbeh\u00f6rde, Wickenburggasse 8, 1080 Wien, zust\u00e4ndig. Anspr\u00fcche gegen uns, die Ihnen aufgrund anderer gesetzlicher Grundlagen zustehen, bleiben davon unber\u00fchrt.<\/p>\n\n\n\n<p><\/p>\n\n\n\n<p><strong>Cookies<\/strong><\/p>\n\n\n\n<p>Unsere Website verwendet so genannte Cookies. Dabei handelt es sich um kleine Textdateien, die mit Hilfe des Browsers auf Ihrem Endger\u00e4t abgelegt werden. Sie richten keinen Schaden an.<\/p>\n\n\n\n<p>Wir nutzen Cookies dazu, unser Angebot nutzerfreundlich zu gestalten. Einige Cookies bleiben auf Ihrem Endger\u00e4t gespeichert, bis Sie diese l\u00f6schen. Sie erm\u00f6glichen es uns, Ihren Browser beim n\u00e4chsten Besuch wiederzuerkennen.<\/p>\n\n\n\n<p>Wenn Sie dies nicht w\u00fcnschen, so k\u00f6nnen Sie Ihren Browser so einrichten, dass er Sie \u00fcber das Setzen von Cookies informiert und Sie dies nur im Einzelfall erlauben.<\/p>\n\n\n\n<p>Bei der Deaktivierung von Cookies kann die Funktionalit\u00e4t unserer Website eingeschr\u00e4nkt sein.<\/p>\n\n\n\n<p><\/p>\n\n\n\n<p><strong>Unsere Kontaktdaten:<\/strong><\/p>\n\n\n\n<p>\u201eDorfverein Lebendiges Ornding\u201c<\/p>\n\n\n\n<p>Koglstr. 3<\/p>\n\n\n\n<p>3380 Ornding<\/p>\n\n\n\n<p>Obmann Matthias Komarek<\/p>\n\n\n\n<p>Tel: +43 699 81 66 46 22 <br> E-Mail:&nbsp;kom3@gmx.at bzw. dorfverein.ornding@gmail.com<\/p>\n\n\n\n<p><\/p>\n\n\n\n<p><\/p>\n\n\n\n<p><\/p>\n\n\n\n<p><\/p>\n","protected":false},"excerpt":{"rendered":"<p>INFORMATIONEN ZUR VERARBEITUNG IHRER PERSONENBEZOGENEN DATEN Wir freuen uns \u00fcber Ihren Besuch auf unserer Webseite und Ihr Interesse an unserem \u201eDorfverein Lebendiges Ornding\u201c. Den Schutz Ihrer personenbezogenen Daten nehmen wir <a href=\"https:\/\/www.ornding.at\/?page_id=3107\" class=\"more-link\">[&hellip;]<\/a><\/p>\n","protected":false},"author":1,"featured_media":0,"parent":0,"menu_order":0,"comment_status":"closed","ping_status":"closed","template":"","meta":{"Layout":"","footnotes":""},"class_list":["entry","author-claudia","post-3107","page","type-page","status-publish"],"_links":{"self":[{"href":"https:\/\/www.ornding.at\/index.php?rest_route=\/wp\/v2\/pages\/3107","targetHints":{"allow":["GET"]}}],"collection":[{"href":"https:\/\/www.ornding.at\/index.php?rest_route=\/wp\/v2\/pages"}],"about":[{"href":"https:\/\/www.ornding.at\/index.php?rest_route=\/wp\/v2\/types\/page"}],"author":[{"embeddable":true,"href":"https:\/\/www.ornding.at\/index.php?rest_route=\/wp\/v2\/users\/1"}],"replies":[{"embeddable":true,"href":"https:\/\/www.ornding.at\/index.php?rest_route=%2Fwp%2Fv2%2Fcomments&post=3107"}],"version-history":[{"count":4,"href":"https:\/\/www.ornding.at\/index.php?rest_route=\/wp\/v2\/pages\/3107\/revisions"}],"predecessor-version":[{"id":3301,"href":"https:\/\/www.ornding.at\/index.php?rest_route=\/wp\/v2\/pages\/3107\/revisions\/3301"}],"wp:attachment":[{"href":"https:\/\/www.ornding.at\/index.php?rest_route=%2Fwp%2Fv2%2Fmedia&parent=3107"}],"curies":[{"name":"wp","href":"https:\/\/api.w.org\/{rel}","templated":true}]}}