{"id":1331,"date":"2016-03-02T10:22:26","date_gmt":"2016-03-02T09:22:26","guid":{"rendered":"http:\/\/www.ornding.at\/?page_id=1331"},"modified":"2017-01-22T20:59:34","modified_gmt":"2017-01-22T19:59:34","slug":"kinderfasching-2016","status":"publish","type":"page","link":"https:\/\/www.ornding.at\/?page_id=1331","title":{"rendered":"Kinderfasching 2016"},"content":{"rendered":"<p>Am 30. J\u00e4nner 2016 fand im Orndinger Dorfwirtshaus ab 14:30h der erste Orndinger Kinderfasching statt. Der Nachmittag wurde von Nicole T\u00f6tzl gestaltet, es gab Faschingsmusik zum mittanzen, Spiele zum Mitmachen und Krapfen gesponsert vom Dorfwirtshaus. Wir haben uns sehr \u00fcber die vielen Kinder gefreut &#8211; und auch die Mamas und Papas waren toll verkleidet. Zum Abendessen gab es W\u00fcrstel &#8211; wiederum gesponert, von der Gemeinde P\u00f6chlarn!<\/p>\n<p>Es war ein toller Nachmittag und wir hoffen, dass er n\u00e4chstes Jahr wieder stattfinden kann!<\/p>\n<p>Danke nocheinmal an Alle Sponsoren und gro\u00dfen und kleinen Helferlein des Festes!<\/p>\n<p>Hier ein paar Eindr\u00fccke:<\/p>\n\n\t\t\t<div id=\"1331-1\" class=\"gallery gallery-1331 gallery-col-3 gallery-columns-3 gallery-size-medium\" itemscope itemtype=\"http:\/\/schema.org\/ImageGallery\">\n\t\t\t\t\t<figure class='gallery-item col-3' itemprop='associatedMedia' itemscope itemtype='http:\/\/schema.org\/ImageObject'>\n\t\t\t\t\t\t<div class='gallery-icon portrait'><a href='https:\/\/www.ornding.at\/wp-content\/uploads\/2016\/03\/DSC03064-480x640.jpg' itemprop=\"contentURL\"><img loading=\"lazy\" decoding=\"async\" width=\"225\" height=\"300\" src=\"https:\/\/www.ornding.at\/wp-content\/uploads\/2016\/03\/DSC03064-480x640-225x300.jpg\" class=\"attachment-medium size-medium\" alt=\"\" srcset=\"https:\/\/www.ornding.at\/wp-content\/uploads\/2016\/03\/DSC03064-480x640-225x300.jpg 225w, https:\/\/www.ornding.at\/wp-content\/uploads\/2016\/03\/DSC03064-480x640-375x500.jpg 375w, https:\/\/www.ornding.at\/wp-content\/uploads\/2016\/03\/DSC03064-480x640.jpg 480w\" sizes=\"auto, (max-width: 225px) 100vw, 225px\" itemprop=\"thumbnail\" \/><\/a><\/div>\n\t\t\t\t\t<\/figure>\n\t\t\t\t\t<figure class='gallery-item col-3' itemprop='associatedMedia' itemscope itemtype='http:\/\/schema.org\/ImageObject'>\n\t\t\t\t\t\t<div class='gallery-icon portrait'><a href='https:\/\/www.ornding.at\/wp-content\/uploads\/2016\/03\/DSC03065-480x640.jpg' itemprop=\"contentURL\"><img loading=\"lazy\" decoding=\"async\" width=\"225\" height=\"300\" src=\"https:\/\/www.ornding.at\/wp-content\/uploads\/2016\/03\/DSC03065-480x640-225x300.jpg\" class=\"attachment-medium size-medium\" alt=\"\" srcset=\"https:\/\/www.ornding.at\/wp-content\/uploads\/2016\/03\/DSC03065-480x640-225x300.jpg 225w, https:\/\/www.ornding.at\/wp-content\/uploads\/2016\/03\/DSC03065-480x640-375x500.jpg 375w, https:\/\/www.ornding.at\/wp-content\/uploads\/2016\/03\/DSC03065-480x640.jpg 480w\" sizes=\"auto, (max-width: 225px) 100vw, 225px\" itemprop=\"thumbnail\" \/><\/a><\/div>\n\t\t\t\t\t<\/figure>\n\t\t\t\t\t<figure class='gallery-item col-3' itemprop='associatedMedia' itemscope itemtype='http:\/\/schema.org\/ImageObject'>\n\t\t\t\t\t\t<div class='gallery-icon portrait'><a href='https:\/\/www.ornding.at\/wp-content\/uploads\/2016\/03\/DSC03063-480x640.jpg' itemprop=\"contentURL\"><img loading=\"lazy\" decoding=\"async\" width=\"225\" height=\"300\" src=\"https:\/\/www.ornding.at\/wp-content\/uploads\/2016\/03\/DSC03063-480x640-225x300.jpg\" class=\"attachment-medium size-medium\" alt=\"\" srcset=\"https:\/\/www.ornding.at\/wp-content\/uploads\/2016\/03\/DSC03063-480x640-225x300.jpg 225w, https:\/\/www.ornding.at\/wp-content\/uploads\/2016\/03\/DSC03063-480x640-375x500.jpg 375w, https:\/\/www.ornding.at\/wp-content\/uploads\/2016\/03\/DSC03063-480x640.jpg 480w\" sizes=\"auto, (max-width: 225px) 100vw, 225px\" itemprop=\"thumbnail\" \/><\/a><\/div>\n\t\t\t\t\t<\/figure>\n\t\t\t\t\t<figure class='gallery-item col-3' itemprop='associatedMedia' itemscope itemtype='http:\/\/schema.org\/ImageObject'>\n\t\t\t\t\t\t<div class='gallery-icon portrait'><a href='https:\/\/www.ornding.at\/wp-content\/uploads\/2016\/03\/DSC03047-480x640.jpg' itemprop=\"contentURL\"><img loading=\"lazy\" decoding=\"async\" width=\"225\" height=\"300\" src=\"https:\/\/www.ornding.at\/wp-content\/uploads\/2016\/03\/DSC03047-480x640-225x300.jpg\" class=\"attachment-medium size-medium\" alt=\"\" srcset=\"https:\/\/www.ornding.at\/wp-content\/uploads\/2016\/03\/DSC03047-480x640-225x300.jpg 225w, https:\/\/www.ornding.at\/wp-content\/uploads\/2016\/03\/DSC03047-480x640-375x500.jpg 375w, https:\/\/www.ornding.at\/wp-content\/uploads\/2016\/03\/DSC03047-480x640.jpg 480w\" sizes=\"auto, (max-width: 225px) 100vw, 225px\" itemprop=\"thumbnail\" \/><\/a><\/div>\n\t\t\t\t\t<\/figure>\n\t\t\t\t\t<figure class='gallery-item col-3' itemprop='associatedMedia' itemscope itemtype='http:\/\/schema.org\/ImageObject'>\n\t\t\t\t\t\t<div class='gallery-icon portrait'><a href='https:\/\/www.ornding.at\/wp-content\/uploads\/2016\/03\/DSC03062-480x640.jpg' itemprop=\"contentURL\"><img loading=\"lazy\" decoding=\"async\" width=\"225\" height=\"300\" src=\"https:\/\/www.ornding.at\/wp-content\/uploads\/2016\/03\/DSC03062-480x640-225x300.jpg\" class=\"attachment-medium size-medium\" alt=\"\" srcset=\"https:\/\/www.ornding.at\/wp-content\/uploads\/2016\/03\/DSC03062-480x640-225x300.jpg 225w, https:\/\/www.ornding.at\/wp-content\/uploads\/2016\/03\/DSC03062-480x640-375x500.jpg 375w, https:\/\/www.ornding.at\/wp-content\/uploads\/2016\/03\/DSC03062-480x640.jpg 480w\" sizes=\"auto, (max-width: 225px) 100vw, 225px\" itemprop=\"thumbnail\" \/><\/a><\/div>\n\t\t\t\t\t<\/figure>\n\t\t\t\t\t<figure class='gallery-item col-3' itemprop='associatedMedia' itemscope itemtype='http:\/\/schema.org\/ImageObject'>\n\t\t\t\t\t\t<div class='gallery-icon portrait'><a href='https:\/\/www.ornding.at\/wp-content\/uploads\/2016\/03\/DSC03054-480x640.jpg' itemprop=\"contentURL\"><img loading=\"lazy\" decoding=\"async\" width=\"225\" height=\"300\" src=\"https:\/\/www.ornding.at\/wp-content\/uploads\/2016\/03\/DSC03054-480x640-225x300.jpg\" class=\"attachment-medium size-medium\" alt=\"\" srcset=\"https:\/\/www.ornding.at\/wp-content\/uploads\/2016\/03\/DSC03054-480x640-225x300.jpg 225w, https:\/\/www.ornding.at\/wp-content\/uploads\/2016\/03\/DSC03054-480x640-375x500.jpg 375w, https:\/\/www.ornding.at\/wp-content\/uploads\/2016\/03\/DSC03054-480x640.jpg 480w\" sizes=\"auto, (max-width: 225px) 100vw, 225px\" itemprop=\"thumbnail\" \/><\/a><\/div>\n\t\t\t\t\t<\/figure>\n\t\t\t\t\t<figure class='gallery-item col-3' itemprop='associatedMedia' itemscope itemtype='http:\/\/schema.org\/ImageObject'>\n\t\t\t\t\t\t<div class='gallery-icon landscape'><a href='https:\/\/www.ornding.at\/wp-content\/uploads\/2016\/03\/DSC03041-640x480.jpg' itemprop=\"contentURL\"><img loading=\"lazy\" decoding=\"async\" width=\"300\" height=\"225\" src=\"https:\/\/www.ornding.at\/wp-content\/uploads\/2016\/03\/DSC03041-640x480-300x225.jpg\" class=\"attachment-medium size-medium\" alt=\"\" srcset=\"https:\/\/www.ornding.at\/wp-content\/uploads\/2016\/03\/DSC03041-640x480-300x225.jpg 300w, https:\/\/www.ornding.at\/wp-content\/uploads\/2016\/03\/DSC03041-640x480-175x131.jpg 175w, https:\/\/www.ornding.at\/wp-content\/uploads\/2016\/03\/DSC03041-640x480.jpg 640w\" sizes=\"auto, (max-width: 300px) 100vw, 300px\" itemprop=\"thumbnail\" \/><\/a><\/div>\n\t\t\t\t\t<\/figure>\n\t\t\t\t\t<figure class='gallery-item col-3' itemprop='associatedMedia' itemscope itemtype='http:\/\/schema.org\/ImageObject'>\n\t\t\t\t\t\t<div class='gallery-icon landscape'><a href='https:\/\/www.ornding.at\/wp-content\/uploads\/2016\/03\/DSC03060-640x480.jpg' itemprop=\"contentURL\"><img loading=\"lazy\" decoding=\"async\" width=\"300\" height=\"225\" src=\"https:\/\/www.ornding.at\/wp-content\/uploads\/2016\/03\/DSC03060-640x480-300x225.jpg\" class=\"attachment-medium size-medium\" alt=\"\" srcset=\"https:\/\/www.ornding.at\/wp-content\/uploads\/2016\/03\/DSC03060-640x480-300x225.jpg 300w, https:\/\/www.ornding.at\/wp-content\/uploads\/2016\/03\/DSC03060-640x480-175x131.jpg 175w, https:\/\/www.ornding.at\/wp-content\/uploads\/2016\/03\/DSC03060-640x480.jpg 640w\" sizes=\"auto, (max-width: 300px) 100vw, 300px\" itemprop=\"thumbnail\" \/><\/a><\/div>\n\t\t\t\t\t<\/figure>\n\t\t\t\t\t<figure class='gallery-item col-3' itemprop='associatedMedia' itemscope itemtype='http:\/\/schema.org\/ImageObject'>\n\t\t\t\t\t\t<div class='gallery-icon landscape'><a href='https:\/\/www.ornding.at\/wp-content\/uploads\/2016\/03\/DSC03067-640x480.jpg' itemprop=\"contentURL\"><img loading=\"lazy\" decoding=\"async\" width=\"300\" height=\"225\" src=\"https:\/\/www.ornding.at\/wp-content\/uploads\/2016\/03\/DSC03067-640x480-300x225.jpg\" class=\"attachment-medium size-medium\" alt=\"\" srcset=\"https:\/\/www.ornding.at\/wp-content\/uploads\/2016\/03\/DSC03067-640x480-300x225.jpg 300w, https:\/\/www.ornding.at\/wp-content\/uploads\/2016\/03\/DSC03067-640x480-175x131.jpg 175w, https:\/\/www.ornding.at\/wp-content\/uploads\/2016\/03\/DSC03067-640x480.jpg 640w\" sizes=\"auto, (max-width: 300px) 100vw, 300px\" itemprop=\"thumbnail\" \/><\/a><\/div>\n\t\t\t\t\t<\/figure>\n\t\t\t\t\t<figure class='gallery-item col-3' itemprop='associatedMedia' itemscope itemtype='http:\/\/schema.org\/ImageObject'>\n\t\t\t\t\t\t<div class='gallery-icon landscape'><a href='https:\/\/www.ornding.at\/wp-content\/uploads\/2016\/03\/DSC03049-640x480.jpg' itemprop=\"contentURL\"><img loading=\"lazy\" decoding=\"async\" width=\"300\" height=\"225\" src=\"https:\/\/www.ornding.at\/wp-content\/uploads\/2016\/03\/DSC03049-640x480-300x225.jpg\" class=\"attachment-medium size-medium\" alt=\"\" srcset=\"https:\/\/www.ornding.at\/wp-content\/uploads\/2016\/03\/DSC03049-640x480-300x225.jpg 300w, https:\/\/www.ornding.at\/wp-content\/uploads\/2016\/03\/DSC03049-640x480-175x131.jpg 175w, https:\/\/www.ornding.at\/wp-content\/uploads\/2016\/03\/DSC03049-640x480.jpg 640w\" sizes=\"auto, (max-width: 300px) 100vw, 300px\" itemprop=\"thumbnail\" \/><\/a><\/div>\n\t\t\t\t\t<\/figure>\n\t\t\t\t\t<figure class='gallery-item col-3' itemprop='associatedMedia' itemscope itemtype='http:\/\/schema.org\/ImageObject'>\n\t\t\t\t\t\t<div class='gallery-icon landscape'><a href='https:\/\/www.ornding.at\/wp-content\/uploads\/2016\/03\/DSC03059-640x480.jpg' itemprop=\"contentURL\"><img loading=\"lazy\" decoding=\"async\" width=\"300\" height=\"225\" src=\"https:\/\/www.ornding.at\/wp-content\/uploads\/2016\/03\/DSC03059-640x480-300x225.jpg\" class=\"attachment-medium size-medium\" alt=\"\" srcset=\"https:\/\/www.ornding.at\/wp-content\/uploads\/2016\/03\/DSC03059-640x480-300x225.jpg 300w, https:\/\/www.ornding.at\/wp-content\/uploads\/2016\/03\/DSC03059-640x480-175x131.jpg 175w, https:\/\/www.ornding.at\/wp-content\/uploads\/2016\/03\/DSC03059-640x480.jpg 640w\" sizes=\"auto, (max-width: 300px) 100vw, 300px\" itemprop=\"thumbnail\" \/><\/a><\/div>\n\t\t\t\t\t<\/figure>\n\t\t\t\t\t<figure class='gallery-item col-3' itemprop='associatedMedia' itemscope itemtype='http:\/\/schema.org\/ImageObject'>\n\t\t\t\t\t\t<div class='gallery-icon landscape'><a href='https:\/\/www.ornding.at\/wp-content\/uploads\/2016\/03\/DSC03058-640x480.jpg' itemprop=\"contentURL\"><img loading=\"lazy\" decoding=\"async\" width=\"300\" height=\"225\" src=\"https:\/\/www.ornding.at\/wp-content\/uploads\/2016\/03\/DSC03058-640x480-300x225.jpg\" class=\"attachment-medium size-medium\" alt=\"\" srcset=\"https:\/\/www.ornding.at\/wp-content\/uploads\/2016\/03\/DSC03058-640x480-300x225.jpg 300w, https:\/\/www.ornding.at\/wp-content\/uploads\/2016\/03\/DSC03058-640x480-175x131.jpg 175w, https:\/\/www.ornding.at\/wp-content\/uploads\/2016\/03\/DSC03058-640x480.jpg 640w\" sizes=\"auto, (max-width: 300px) 100vw, 300px\" itemprop=\"thumbnail\" \/><\/a><\/div>\n\t\t\t\t\t<\/figure>\n\t\t\t\t\t<figure class='gallery-item col-3' itemprop='associatedMedia' itemscope itemtype='http:\/\/schema.org\/ImageObject'>\n\t\t\t\t\t\t<div class='gallery-icon landscape'><a href='https:\/\/www.ornding.at\/wp-content\/uploads\/2016\/03\/DSC03043-640x480.jpg' itemprop=\"contentURL\"><img loading=\"lazy\" decoding=\"async\" width=\"300\" height=\"225\" src=\"https:\/\/www.ornding.at\/wp-content\/uploads\/2016\/03\/DSC03043-640x480-300x225.jpg\" class=\"attachment-medium size-medium\" alt=\"\" srcset=\"https:\/\/www.ornding.at\/wp-content\/uploads\/2016\/03\/DSC03043-640x480-300x225.jpg 300w, https:\/\/www.ornding.at\/wp-content\/uploads\/2016\/03\/DSC03043-640x480-175x131.jpg 175w, https:\/\/www.ornding.at\/wp-content\/uploads\/2016\/03\/DSC03043-640x480.jpg 640w\" sizes=\"auto, (max-width: 300px) 100vw, 300px\" itemprop=\"thumbnail\" \/><\/a><\/div>\n\t\t\t\t\t<\/figure>\n\t\t\t\t\t<figure class='gallery-item col-3' itemprop='associatedMedia' itemscope itemtype='http:\/\/schema.org\/ImageObject'>\n\t\t\t\t\t\t<div class='gallery-icon portrait'><a href='https:\/\/www.ornding.at\/wp-content\/uploads\/2016\/03\/DSC03045-480x640.jpg' itemprop=\"contentURL\"><img loading=\"lazy\" decoding=\"async\" width=\"225\" height=\"300\" src=\"https:\/\/www.ornding.at\/wp-content\/uploads\/2016\/03\/DSC03045-480x640-225x300.jpg\" class=\"attachment-medium size-medium\" alt=\"\" srcset=\"https:\/\/www.ornding.at\/wp-content\/uploads\/2016\/03\/DSC03045-480x640-225x300.jpg 225w, https:\/\/www.ornding.at\/wp-content\/uploads\/2016\/03\/DSC03045-480x640-375x500.jpg 375w, https:\/\/www.ornding.at\/wp-content\/uploads\/2016\/03\/DSC03045-480x640.jpg 480w\" sizes=\"auto, (max-width: 225px) 100vw, 225px\" itemprop=\"thumbnail\" \/><\/a><\/div>\n\t\t\t\t\t<\/figure>\n\t\t\t\t\t<figure class='gallery-item col-3' itemprop='associatedMedia' itemscope itemtype='http:\/\/schema.org\/ImageObject'>\n\t\t\t\t\t\t<div class='gallery-icon portrait'><a href='https:\/\/www.ornding.at\/wp-content\/uploads\/2016\/03\/DSC03052-480x640.jpg' itemprop=\"contentURL\"><img loading=\"lazy\" decoding=\"async\" width=\"225\" height=\"300\" src=\"https:\/\/www.ornding.at\/wp-content\/uploads\/2016\/03\/DSC03052-480x640-225x300.jpg\" class=\"attachment-medium size-medium\" alt=\"\" srcset=\"https:\/\/www.ornding.at\/wp-content\/uploads\/2016\/03\/DSC03052-480x640-225x300.jpg 225w, https:\/\/www.ornding.at\/wp-content\/uploads\/2016\/03\/DSC03052-480x640-375x500.jpg 375w, https:\/\/www.ornding.at\/wp-content\/uploads\/2016\/03\/DSC03052-480x640.jpg 480w\" sizes=\"auto, (max-width: 225px) 100vw, 225px\" itemprop=\"thumbnail\" \/><\/a><\/div>\n\t\t\t\t\t<\/figure>\n\t\t\t\t\t<figure class='gallery-item col-3' itemprop='associatedMedia' itemscope itemtype='http:\/\/schema.org\/ImageObject'>\n\t\t\t\t\t\t<div class='gallery-icon landscape'><a href='https:\/\/www.ornding.at\/wp-content\/uploads\/2016\/03\/DSC03050-640x480.jpg' itemprop=\"contentURL\"><img loading=\"lazy\" decoding=\"async\" width=\"300\" height=\"225\" src=\"https:\/\/www.ornding.at\/wp-content\/uploads\/2016\/03\/DSC03050-640x480-300x225.jpg\" class=\"attachment-medium size-medium\" alt=\"\" srcset=\"https:\/\/www.ornding.at\/wp-content\/uploads\/2016\/03\/DSC03050-640x480-300x225.jpg 300w, https:\/\/www.ornding.at\/wp-content\/uploads\/2016\/03\/DSC03050-640x480-175x131.jpg 175w, https:\/\/www.ornding.at\/wp-content\/uploads\/2016\/03\/DSC03050-640x480.jpg 640w\" sizes=\"auto, (max-width: 300px) 100vw, 300px\" itemprop=\"thumbnail\" \/><\/a><\/div>\n\t\t\t\t\t<\/figure>\n\t\t\t\t\t<figure class='gallery-item col-3' itemprop='associatedMedia' itemscope itemtype='http:\/\/schema.org\/ImageObject'>\n\t\t\t\t\t\t<div class='gallery-icon portrait'><a href='https:\/\/www.ornding.at\/wp-content\/uploads\/2016\/03\/DSC03069-480x640.jpg' itemprop=\"contentURL\"><img loading=\"lazy\" decoding=\"async\" width=\"225\" height=\"300\" src=\"https:\/\/www.ornding.at\/wp-content\/uploads\/2016\/03\/DSC03069-480x640-225x300.jpg\" class=\"attachment-medium size-medium\" alt=\"\" srcset=\"https:\/\/www.ornding.at\/wp-content\/uploads\/2016\/03\/DSC03069-480x640-225x300.jpg 225w, https:\/\/www.ornding.at\/wp-content\/uploads\/2016\/03\/DSC03069-480x640-375x500.jpg 375w, https:\/\/www.ornding.at\/wp-content\/uploads\/2016\/03\/DSC03069-480x640.jpg 480w\" sizes=\"auto, (max-width: 225px) 100vw, 225px\" itemprop=\"thumbnail\" \/><\/a><\/div>\n\t\t\t\t\t<\/figure>\n\t\t\t\t\t<figure class='gallery-item col-3' itemprop='associatedMedia' itemscope itemtype='http:\/\/schema.org\/ImageObject'>\n\t\t\t\t\t\t<div class='gallery-icon landscape'><a href='https:\/\/www.ornding.at\/wp-content\/uploads\/2016\/03\/DSC03051-640x480.jpg' itemprop=\"contentURL\"><img loading=\"lazy\" decoding=\"async\" width=\"300\" height=\"225\" src=\"https:\/\/www.ornding.at\/wp-content\/uploads\/2016\/03\/DSC03051-640x480-300x225.jpg\" class=\"attachment-medium size-medium\" alt=\"\" srcset=\"https:\/\/www.ornding.at\/wp-content\/uploads\/2016\/03\/DSC03051-640x480-300x225.jpg 300w, https:\/\/www.ornding.at\/wp-content\/uploads\/2016\/03\/DSC03051-640x480-175x131.jpg 175w, https:\/\/www.ornding.at\/wp-content\/uploads\/2016\/03\/DSC03051-640x480.jpg 640w\" sizes=\"auto, (max-width: 300px) 100vw, 300px\" itemprop=\"thumbnail\" \/><\/a><\/div>\n\t\t\t\t\t<\/figure>\n\t\t\t\t\t<figure class='gallery-item col-3' itemprop='associatedMedia' itemscope itemtype='http:\/\/schema.org\/ImageObject'>\n\t\t\t\t\t\t<div class='gallery-icon portrait'><a href='https:\/\/www.ornding.at\/wp-content\/uploads\/2016\/03\/DSC03042-480x640.jpg' itemprop=\"contentURL\"><img loading=\"lazy\" decoding=\"async\" width=\"225\" height=\"300\" src=\"https:\/\/www.ornding.at\/wp-content\/uploads\/2016\/03\/DSC03042-480x640-225x300.jpg\" class=\"attachment-medium size-medium\" alt=\"\" srcset=\"https:\/\/www.ornding.at\/wp-content\/uploads\/2016\/03\/DSC03042-480x640-225x300.jpg 225w, https:\/\/www.ornding.at\/wp-content\/uploads\/2016\/03\/DSC03042-480x640-375x500.jpg 375w, https:\/\/www.ornding.at\/wp-content\/uploads\/2016\/03\/DSC03042-480x640.jpg 480w\" sizes=\"auto, (max-width: 225px) 100vw, 225px\" itemprop=\"thumbnail\" \/><\/a><\/div>\n\t\t\t\t\t<\/figure>\n\t\t\t\t\t<figure class='gallery-item col-3' itemprop='associatedMedia' itemscope itemtype='http:\/\/schema.org\/ImageObject'>\n\t\t\t\t\t\t<div class='gallery-icon portrait'><a href='https:\/\/www.ornding.at\/wp-content\/uploads\/2016\/03\/DSC03071-480x640.jpg' itemprop=\"contentURL\"><img loading=\"lazy\" decoding=\"async\" width=\"225\" height=\"300\" src=\"https:\/\/www.ornding.at\/wp-content\/uploads\/2016\/03\/DSC03071-480x640-225x300.jpg\" class=\"attachment-medium size-medium\" alt=\"\" srcset=\"https:\/\/www.ornding.at\/wp-content\/uploads\/2016\/03\/DSC03071-480x640-225x300.jpg 225w, https:\/\/www.ornding.at\/wp-content\/uploads\/2016\/03\/DSC03071-480x640-375x500.jpg 375w, https:\/\/www.ornding.at\/wp-content\/uploads\/2016\/03\/DSC03071-480x640.jpg 480w\" sizes=\"auto, (max-width: 225px) 100vw, 225px\" itemprop=\"thumbnail\" \/><\/a><\/div>\n\t\t\t\t\t<\/figure>\n\t\t\t<\/div><!-- .gallery -->\n\n","protected":false},"excerpt":{"rendered":"<p>Am 30. J\u00e4nner 2016 fand im Orndinger Dorfwirtshaus ab 14:30h der erste Orndinger Kinderfasching statt. Der Nachmittag wurde von Nicole T\u00f6tzl gestaltet, es gab Faschingsmusik zum mittanzen, Spiele zum Mitmachen <a href=\"https:\/\/www.ornding.at\/?page_id=1331\" class=\"more-link\">[&hellip;]<\/a><\/p>\n","protected":false},"author":1,"featured_media":0,"parent":0,"menu_order":0,"comment_status":"closed","ping_status":"closed","template":"","meta":{"Layout":"","footnotes":""},"class_list":["entry","author-claudia","post-1331","page","type-page","status-publish"],"_links":{"self":[{"href":"https:\/\/www.ornding.at\/index.php?rest_route=\/wp\/v2\/pages\/1331","targetHints":{"allow":["GET"]}}],"collection":[{"href":"https:\/\/www.ornding.at\/index.php?rest_route=\/wp\/v2\/pages"}],"about":[{"href":"https:\/\/www.ornding.at\/index.php?rest_route=\/wp\/v2\/types\/page"}],"author":[{"embeddable":true,"href":"https:\/\/www.ornding.at\/index.php?rest_route=\/wp\/v2\/users\/1"}],"replies":[{"embeddable":true,"href":"https:\/\/www.ornding.at\/index.php?rest_route=%2Fwp%2Fv2%2Fcomments&post=1331"}],"version-history":[{"count":6,"href":"https:\/\/www.ornding.at\/index.php?rest_route=\/wp\/v2\/pages\/1331\/revisions"}],"predecessor-version":[{"id":1571,"href":"https:\/\/www.ornding.at\/index.php?rest_route=\/wp\/v2\/pages\/1331\/revisions\/1571"}],"wp:attachment":[{"href":"https:\/\/www.ornding.at\/index.php?rest_route=%2Fwp%2Fv2%2Fmedia&parent=1331"}],"curies":[{"name":"wp","href":"https:\/\/api.w.org\/{rel}","templated":true}]}}